emainder when m is divided by 7.
6
Suppose 0 = -5*b - k + 12, -1975*b - 5*k = -1970*b. What is the remainder when 1316 is divided by b?
2
Suppose 3*r = -j - j + 611, -2*r + 5*j + 382 = 0. Let o = -140 + r. What is the remainder when 362 is divided by o?
57
Suppose 10*n - 1357 = -1067. Calculate the remainder when 345 is divided by n.
26
Let r = 1 - -1. What is the remainder when 75*(1*5 - (-728)/(-168)) is divided by r?
0
Suppose 94 = y + 2*d - 92, -19*d - 408 = -3*y. Calculate the remainder when 555 is divided by y.
33
Suppose 5*z - 2*f - 54 - 51 = 0, z - 21 = -2*f. Suppose 4*k = -3*i + 65, -2*i - 5*k + z = -27. Calculate the remainder when 69 is divided by i.
12
Let v be 7/14 + 15/6. Suppose 2*i - 3*g = -6*g + 176, v*g = -5*i + 449. Calculate the remainder when i is divided by 45.
1
Suppose -2*y - 92 + 98 = 0. What is the remainder when (4/2)/(4/312*y) is divided by 14?
10
Suppose 0 = 61*i - 56*i + 2*t - 104, 3*i - 75 = 3*t. What is the remainder when 594 is divided by i?
0
Suppose 51 = -3*y - 954. Let w = -310 - y. What is the remainder when w is divided by 7?
4
Let j = -22 - -49. Let z(i) = i**3 - 7*i**2 + 9*i - 4. Let r be z(8). Let g = -26 + r. What is the remainder when g is divided by j?
25
Let p = -6 - -29. Suppose -2*t + 20 = 3*t. Suppose -t = -u + 4. What is the remainder when p is divided by u?
7
What is the remainder when (-609)/(-1421) - (-1194)/7 is divided by 92?
79
Let p = 176 + -215. Let u = p - -61. What is the remainder when u is divided by 17?
5
Let j(b) = 159*b**2 - b. Let z be (-6 + -5 - -5) + 5. Calculate the remainder when j(z) is divided by 7.
6
Suppose -2234 - 246 = 16*t. Let j = 231 + t. What is the remainder when 220 is divided by j?
68
Let w = -6869 - -7091. Calculate the remainder when 616 is divided by w.
172
Suppose 0 = z - 2*z + 4. Let p(k) = -k**2 - 15*k - 2. What is the remainder when p(-9) is divided by -5*z/(-5) - -14?
16
Suppose 5*p - 94 = -m, 5*p - 3 - 99 = -3*m. Suppose 77*w - 85*w + 1520 = 0. What is the remainder when w is divided by p?
10
Let f be ((-60)/1)/(((-4)/1)/4). Let u = -124 + f. Let p = -27 - u. What is the remainder when p is divided by 4?
1
Suppose -990 = 145*q - 175*q. Calculate the remainder when -4 + 8 - 0/(-2) - -123 is divided by q.
28
Suppose 4*t - 82 - 276 = -2*m, t - 85 = -2*m. Calculate the remainder when 15194 is divided by t.
88
Let l(x) = -x**2 - 10*x - 9. Let i(w) = w**2 - 6*w + 1. Let c be i(2). What is the remainder when 30 is divided by l(c)?
6
Let d(o) be the first derivative of o**4/2 - o**3 - 7*o**2/2 - 4*o + 2. Let u be d(4). Calculate the remainder when 5 is divided by u/40*5/2.
2
Let k be -254*(1 - (-18)/(-12)). Let o = k + -108. What is the remainder when 187 is divided by o?
16
Let l(f) = -f**2 - 3*f + 38. Let k be l(7). Let i = 28 + 57. Calculate the remainder when i is divided by -4 + (-1)/(-1) - k.
27
Let i be 25020/(-50) - -12 - (-4)/10. Let d = -302 - i. Calculate the remainder when d is divided by 17.
16
Let j(i) = -i**3 + 7*i**2 + 2*i - 9. Suppose 5*k = r + 25, 3*k - 1 = 3*r + 2. Suppose -70*a = -1205 - 195. What is the remainder when j(k) is divided by a?
19
Let u = -7 + 13. Let p(q) = 80 - 172 + 79 + 9*q - q**2. Calculate the remainder when 6 is divided by p(u).
1
Suppose 0 = u, -279 + 449 = 5*b - u - 305. What is the remainder when 16338 is divided by b?
93
Suppose 5*a - 4*v - 29 - 20 = 0, a = 5*v + 14. Suppose -829 = -75*o + 146. Calculate the remainder when o is divided by a.
4
Let m = 6617 - 4110. What is the remainder when m is divided by 76?
75
Suppose 6*m - m + 4*u - 628 = 0, -643 = -5*m + u. What is the remainder when 131 is divided by m?
3
What is the remainder when 475 is divided by 3/(12/508) + 3*(-12)/18?
100
Let h(c) = -c**2 - 9*c - 12. Let d be h(-5). Suppose -3*z = -7*z + d. What is the remainder when z is divided by (-2)/3 + 10/6?
0
Let t = -28 - -62. Suppose -3*l = 31*l - 31144. Calculate the remainder when l is divided by t.
32
Let r(t) = 15*t**2 + 15*t + 3. What is the remainder when 98 is divided by r(-2)?
32
Suppose 547 = 2*r + 3*o, 7 = 4*o + 11. Suppose -3*g = 4*z - 117, -2*z = -5*g + r - 106. Calculate the remainder when g is divided by (1/(-2))/((-3)/126).
14
Let r(v) be the first derivative of -v**4/4 + 3*v**3 + 3*v**2/2 - 8*v - 136. What is the remainder when r(8) is divided by 43?
37
Suppose 28*c = 8288 + 13888. What is the remainder when c is divided by 28?
8
Suppose n + 15*s - 9 = 14*s, -4*n + 27 = s. Suppose -p = 5*v - 62 + 10, -4*p + 2*v = -98. What is the remainder when p is divided by n?
3
Suppose 1501*w = 1493*w + 400. Calculate the remainder when 696 is divided by w.
46
Suppose 10943 - 22871 - 95036 = -143*z. Calculate the remainder when z is divided by 13.
7
Let q = -19 - -7. Suppose 244*c = 253*c + 3267. Calculate the remainder when 15/q - c/12 is divided by 7.
1
Let a = 80 - 77. Let u(j) = 9*j**3 - 6*j**2 + 2. What is the remainder when u(a) is divided by 96?
95
Let p = -3814 + 3839. Calculate the remainder when 849 is divided by p.
24
Let c(x) = -337*x - 1651. Calculate the remainder when 295 is divided by c(-5).
23
Let f(m) = 2*m**3 + 8 - 9*m**2 - 11*m**2 - 9 - 6*m**2 + 6*m. Calculate the remainder when f(13) is divided by 18.
5
Let s(h) = -h**2 - 5*h + 5. Let q be s(5). Let o be (1*-1)/(9/q) + 3. What is the remainder when 50 is divided by (o/(-12))/(106/54 - 2)?
14
Suppose -12*v + 8*v - 96 = 0. Let z = v + 27. Suppose 9*s = z*s + 78. Calculate the remainder when 51 is divided by s.
12
Let j(q) = q**3 + 24*q**2 - 337*q + 149. Calculate the remainder when 539 is divided by j(-34).
22
Suppose 15147*p - 15159*p + 13140 = 0. What is the remainder when p is divided by 396?
303
Suppose 2*h = -5*g - 4, h - 8 = 5*h. Suppose 10*v - 9*v - 59 = g. What is the remainder when 173 is divided by v?
55
Suppose 3456*s - 3494*s = -1748. What is the remainder when 28977 is divided by s?
43
Calculate the remainder when 1/7 + 2012350/1687 is divided by 21.
17
Suppose 4*u = -l - 2 + 3, 42 = 2*l - 2*u. Suppose 3*d - 5*r = 67, 3*d - 2*d - 4*r - 20 = 0. What is the remainder when l is divided by (54/d)/(6/16)?
5
Suppose -5*c + 27 + 108 = 0. Let w(q) = -q**3 - 11*q**2 - 14*q - 34. Let v be w(-10). What is the remainder when c is divided by -1*(-9 + v*10/15)?
2
Suppose i + 2*c - 3124 = 1173, -8 = -2*c. What is the remainder when i is divided by 29?
26
What is the remainder when (-3 - 3) + (-5 - -17) - -111 is divided by 34?
15
Let x(b) = -120*b + 14. Let s be x(-2). Let l = -95 + s. What is the remainder when l is divided by 27?
24
Let l(t) = t**3 + 6*t**2 + 2*t + 2. Suppose 19684 = 241*w - 108*w. Calculate the remainder when w is divided by l(-4).
18
Let x = 3583 - 3191. What is the remainder when x is divided by 34?
18
Let g = -9 - -33. Suppose -25*n + 143 - 1168 = 0. Let m = 108 + n. What is the remainder when m is divided by g?
19
Suppose -1284*u = -1260*u - 3048. Calculate the remainder when 515 is divided by u.
7
Suppose 9*x = 12*x, -2*x = 5*t - 300. What is the remainder when 30/t*(-186)/(2/(-2)) is divided by 41?
11
Suppose 14*q = 12*q + 8, 256 = 4*t + 3*q. Calculate the remainder when 194 is divided by t.
11
Suppose 2*r = 3*l + 61, -4*l - 92 = -0*r - 3*r. Suppose 4*v - 2*o - r = 2*v, 0 = -2*o - 2. Calculate the remainder when 148 is divided by v.
13
Suppose 0*i - 34*i = -238. Suppose 2 = -i*h + 9*h, 0 = -4*l + h + 63. What is the remainder when l is divided by 9?
7
Let u(c) = c**2 - 5*c - 45. Calculate the remainder when 10/4*96/30 is divided by u(-5).
3
Let v(g) = g**2 + 26*g - 4. Let t(z) = -z**2 - 7*z + 17. Let k be t(-11). Calculate the remainder when 103 is divided by v(k).
11
Let r(v) = 218*v - 1431. Calculate the remainder when 206 is divided by r(7).
16
Let g = 3151 - -2464. Calculate the remainder when g is divided by 108.
107
Let z = -5482 - -5834. Calculate the remainder when z is divided by 56.
16
Suppose 309*z - 318*z = -513. What is the remainder when 1081 is divided by z?
55
Let o(k) be the third derivative of 73*k**5/60 + k**4/6 - k**3/3 + 78*k**2. What is the remainder when o(1) is divided by 16?
11
Let j(m) = m**3 - 10*m**2 + 12*m - 11. Let s = 35 + -25. Suppose 0 = -81*d + 85*d - 40. Calculate the remainder when j(s) is divided by d.
9
Suppose 9*r - 3440 = 9160. Let u be 68/306 - -1*r/18. Let x = 101 - u. Calc